rs of h/3 + 3 - -27.
2, 7
Let u = 8 - 3. Let s = 22 - u. Suppose 4*q - 3 = s. List the prime factors of q.
5
Let p = 3 - -2. Let u(b) = b - 16. Let r be u(p). Let d = -2 - r. List the prime factors of d.
3
Suppose -3*x + 8*d - 7*d = 29, 0 = -d + 2. Let w(g) = g**3 + 11*g**2 - 10*g - 15. List the prime factors of w(x).
3, 79
Suppose -2*a + 6*a - 20 = 0, -25 = -4*l - 5*a. Suppose -w = -l*w. Suppose b + 4*k - 15 = w, 2*k + 61 = 5*b + 8. List the prime factors of b.
11
What are the prime factors of 8/(-5) + 352452/345?
2, 3, 5, 17
Let v(u) be the second derivative of u**4/3 - 19*u**3/6 + 7*u**2/2 - 13*u. List the prime factors of v(9).
2, 5
Let k(n) = -n**2 - 9*n - 13. Let m be k(-6). Let b be 4/m*2*30. Let a = b - 23. List the prime factors of a.
5
Let m(f) = 8*f + 8*f**2 + 7 + f - 9*f**2. Suppose 3*r - 7 = 8. List the prime factors of m(r).
3
Let d be 0 + (2 - (-3 + 4)). Let k(p) = -3*p + 1. Let r be k(d). What are the prime factors of (0 + -36)*1/r?
2, 3
Suppose 3*i = -n + 13, 2*n + 4 = -0*i + 4*i. Suppose -2*g = 2*k - 14 - 64, n*g - 153 = -k. What are the prime factors of g?
2, 19
Let y = 588 + -399. What are the prime factors of (11*(-1)/3)/((-9)/y)?
7, 11
Let d(u) = u**3 - 14*u**2 - 16*u - 7. Let v be d(15). Let z = v - -25. Suppose -i - 50 = -z*i. List the prime factors of i.
5
What are the prime factors of 2/(-6) + 10*635/15?
3, 47
Let h(n) = 2*n**2 + 33*n + 60. List the prime factors of h(-27).
3, 11, 19
List the prime factors of ((-818)/(-8))/(-5*4/(-80)).
409
Let h = -573 + 1032. What are the prime factors of h?
3, 17
Let s = 316 - 327. Let b(o) be the second derivative of -o**5/20 - o**4 - 13*o**3/6 - 11*o**2/2 - o. What are the prime factors of b(s)?
11
Suppose 2*o - 5*r + 19 = 0, 2*o + 3*o + 16 = 2*r. Let u = o - -6. Suppose g - 190 = -u*g. What are the prime factors of g?
2, 19
Let y(d) = -d - 4. Let w be y(-8). Suppose -103 - 113 = -w*m. What are the prime factors of m?
2, 3
Let s(r) = 3*r**2 - 2. Let w(m) = m**2 - m - 1. Let p(n) = -s(n) + 5*w(n). Let t(j) = 2*j + 3. Let d be t(-3). What are the prime factors of p(d)?
2, 3, 5
Let d = -2 + 4. Suppose 3*i - 7*i + 896 = 0. Suppose -2*s - d*s = -i. List the prime factors of s.
2, 7
Let v(t) = -183*t - 455. List the prime factors of v(-16).
2473
Suppose -8568 = -i - 17*i. What are the prime factors of i?
2, 7, 17
Let m(t) be the second derivative of -t**3/3 + 5*t**2 - 19*t. List the prime factors of m(-3).
2
Suppose 2*s - 365 = -k, -177 = 22*s - 23*s + 5*k. List the prime factors of s.
2, 7, 13
Let m(o) = 3*o**2 + 59*o + 41. What are the prime factors of m(27)?
3821
Let u(l) = l**3 - l**2 - l - 16. Let z be u(0). List the prime factors of 78/2 - 80/z.
2, 11
Suppose -o = -z, -5*o - 18 + 68 = 5*z. Suppose o*a + 5*d = 305, -194 = -5*a - 2*d + 96. List the prime factors of a.
2, 7
Suppose 100*c - 103*c = -21. Suppose -913 = -c*z - 283. What are the prime factors of z?
2, 3, 5
Let r(k) be the third derivative of 0*k + 0*k**5 + 0 + 71/6*k**3 + 1/120*k**6 - 6*k**2 - 1/24*k**4. List the prime factors of r(0).
71
Let h(w) be the first derivative of 3*w**3 - 3*w**2/2 - 9*w - 7. List the prime factors of h(4).
3, 41
Let r(b) = b + 13. Suppose 2*x = -6, -4*u - 19 = -3*u + 3*x. Let z be r(u). What are the prime factors of ((-2)/z)/((-2)/12)?
2
Suppose b + 0 - 9 = -r, 41 = 4*b + 5*r. What are the prime factors of b/2 + -2*2*-1?
2, 3
Let s = 322 - -300. What are the prime factors of s?
2, 311
Suppose -1110 - 1814 = 17*s. Let a = s - -271. What are the prime factors of a?
3, 11
Let t be 12/(-9)*(-5 - -2). Let k(m) = -m + 14 + 5 - t + 2*m. List the prime factors of k(8).
23
Let h be 1/(-2)*-4 - 2. Suppose w + 15 = 4*z, h = 3*w - 0*z + 3*z. List the prime factors of -1 + w/(9/(-120)).
3, 13
Suppose 2*h = b - 52, -2*b - 14*h + 15*h = -113. What are the prime factors of b?
2, 29
Let z be (-4)/(-18) + 777/27. Suppose -4*t - 5*l = -9*t + 40, 3*t - 5*l - 16 = 0. List the prime factors of z + (t/3)/2.
31
Suppose 3*r - 5*r - f + 792 = 0, r + f - 397 = 0. What are the prime factors of r?
5, 79
Suppose -25 = -6*d + 5. Suppose -7*c + 510 = -d*c. List the prime factors of c.
3, 5, 17
Let l(p) = 5*p - 6*p**2 - p**2 + 3*p**2 + 6 + 3*p**2. Let y be l(5). Suppose 0 = 3*h - y*h + 87. List the prime factors of h.
29
Let b = -109 + 219. Suppose 0 = -r + i + i + 27, 5*r - b = 5*i. What are the prime factors of r?
17
Let g = 2799 - 1207. What are the prime factors of g?
2, 199
Suppose 2*h - 4*l - 20 = 0, -4*h + 4*l + 20 = -3*h. Suppose 4*g - 3*d - 16 = h, -3*g + 2 + 7 = -3*d. List the prime factors of g.
7
Let u be (-218)/(-8) - (-1)/(-4). Let a = -14 + u. Let x = -2 + a. What are the prime factors of x?
11
Let o = 4893 - 2521. What are the prime factors of o?
2, 593
Let l = 213 + 915. List the prime factors of l.
2, 3, 47
List the prime factors of (-268)/5*325/(-5) + -2.
2, 1741
Suppose -4*s - 13 = -1. Let k(t) = 3*t**2 + t - 1. List the prime factors of k(s).
23
Let j = 35 - -189. Suppose 7 = m + 4*i - 115, 0 = 2*m - 2*i - j. What are the prime factors of m?
2, 3, 19
Let s(l) = 1 - 1 - 2*l**2 - 5*l + 4 + l**3. Let m be s(5). Let g = m - 29. What are the prime factors of g?
5
Let a = 4690 + -136. List the prime factors of a.
2, 3, 11, 23
What are the prime factors of (-6)/8 - 15465/(-12)?
2, 7, 23
Let s(n) = 36*n**2 + n + 1. Suppose 0 = 5*v - 4*y - 14, 2*v - 3 = 2*y + 3. List the prime factors of s(v).
3, 7
Let v be (68/51)/(4/1518). Suppose 0*d + 187 = d + 3*z, 0 = 3*d - 2*z - v. Let k = d - 101. What are the prime factors of k?
71
Suppose -3*d + 318 = 5*p, 0 = 2*d + 6*p - 4*p - 216. Let r be (308/3)/(-4)*3. Let v = r + d. List the prime factors of v.
2, 17
What are the prime factors of 56/10 + 58/145 + 2032?
2, 1019
Suppose -1 = -5*c - 16. List the prime factors of ((-25)/15 + c)*-6.
2, 7
Suppose -24*r = -22143 - 5553. What are the prime factors of r?
2, 577
Let p = 7 - 4. Suppose z - 4*k - 6 = 13, p*z - 5*k = 22. List the prime factors of z + 1 - 57/(-3).
19
Let m = -2 - -1. Suppose d + 6 = -v, -2*v - 12 = d + 3*d. List the prime factors of (m/(-2))/(v/(-276)).
23
Suppose 4*f - 34 = -f + g, -f = 2*g + 2. Let t(o) = -5*o + 10. Let z be t(f). List the prime factors of (-104)/z + 4/(-20).
5
Suppose -6*x + 4*x + 304 = 0. What are the prime factors of x?
2, 19
Suppose i = -i - 20. Suppose 0 = 2*f - f + 22. Let x = i - f. What are the prime factors of x?
2, 3
Let c be (69/15 - 7)/((-6)/(-340)). Let j = 267 + c. List the prime factors of j.
131
Suppose -2*b + 3*b = -3. Let f = 12 - b. List the prime factors of f.
3, 5
Suppose 4*q - 4*q = -5*q. Suppose q = -3*t - 2*t + 4*n + 475, 3*n = -5*t + 440. List the prime factors of t.
7, 13
Suppose 4*c - 3214 = -262. Suppose -9*o + 15*o = c. What are the prime factors of o?
3, 41
Let p(r) = 5*r**2 + 3*r - 48. List the prime factors of p(11).
2, 5, 59
Suppose 8*s - d - 924 = 4*s, -5*d = -5*s + 1155. What are the prime factors of s?
3, 7, 11
Let i be 0/(-1 - (0 - 2)). Let t be (i - -3)/(6/26). Let s = t + 25. What are the prime factors of s?
2, 19
Let k(y) = 7*y + 7. Let a(l) = 15*l + 15. Let h(c) = 6*a(c) - 13*k(c). Let g be h(1). What are the prime factors of -3 + (g - -35) + -1?
29
Let t(n) be the third derivative of n**5/10 - n**4/24 - n**3/3 + n**2. Let r = 447 + -449. What are the prime factors of t(r)?
2, 3
Suppose -4*b + 3*b + 29 = 0. Suppose -4*m + b = 5. Let a(j) = 3*j - 6. What are the prime factors of a(m)?
2, 3
Suppose 19*o - 4264 = 9131. List the prime factors of o.
3, 5, 47
Let x(k) = -k + 8. Let c be -4 + (-2 - 1) + -15. Let t = -29 - c. List the prime factors of x(t).
3, 5
Suppose -40 = -6*q + q. Let o = q + 4. List the prime factors of ((-460)/o)/5*-6.
2, 23
Let y = -15 + 16. Let t(p) = 7*p - 2. Let g be t(y). Suppose l = -4*o + g*l + 88, -4*l + 48 = 4*o. What are the prime factors of o?
17
Let p be (-4 - 0)/4*-2. Suppose 0 = t - s - 1, -5*s + 17 = p*t - 2*s. Suppose -t*l = 8, -4*a + 24 = -2*a + 5*l. List the prime factors of a.
17
Suppose -3*q + 3*g + 6 = -q, 5*g = q - 10. Suppose q = 4*w + 51 - 279. List the prime factors of w.
3, 19
Suppose 0 = 5*f + 3*u + 40 - 126, 3*f - 3*u = 66. Suppose -q - 8 = -i, 0 = -3*q - 0*q - 2*i - f. What are the prime factors of 2/q - 326/(-14)?
23
Suppose 3*l - 3 = 4*p, -3*l + 5*l = -p + 13. Let c be 1 + 1 + (p - 1). Suppose -v = -3